me factors of 11802229.
11802229
List the prime factors of 230116132.
2, 57529033
List the prime factors of 2126745643.
11, 43, 4496291
List the prime factors of 49427596.
2, 1973, 6263
List the prime factors of 1220741355.
3, 5, 17, 19, 89, 149
What are the prime factors of 3964997?
419, 9463
List the prime factors of 303961877.
167, 389, 4679
What are the prime factors of 1961788410?
2, 3, 5, 181, 13381
List the prime factors of 97022156.
2, 7, 11, 4091
List the prime factors of 2935091275.
5, 117403651
List the prime factors of 34601723.
13, 109, 24419
List the prime factors of 1958827319.
47, 41677177
List the prime factors of 644865945.
3, 5, 233, 184511
List the prime factors of 218116122.
2, 3, 7, 601, 8641
List the prime factors of 357363969.
3, 113, 1054171
What are the prime factors of 174253846?
2, 13, 163, 41117
What are the prime factors of 13344622?
2, 113, 137, 431
List the prime factors of 49323238.
2, 24661619
List the prime factors of 2071926797.
349, 577, 10289
What are the prime factors of 145659223?
193, 754711
List the prime factors of 67496497.
3253, 20749
List the prime factors of 770209637.
29, 769, 34537
List the prime factors of 1472829445.
5, 61, 103, 173, 271
What are the prime factors of 707833280?
2, 5, 7, 11, 23, 1249
List the prime factors of 1305514233.
3, 5101, 9479
What are the prime factors of 38188505?
5, 29, 263369
List the prime factors of 2011025006.
2, 173, 937, 6203
What are the prime factors of 1182539588?
2, 151, 1957847
What are the prime factors of 205423318?
2, 102711659
List the prime factors of 148762037.
148762037
What are the prime factors of 982243836?
2, 3, 7, 19, 271, 757
List the prime factors of 89638763.
31, 2891573
List the prime factors of 31555320.
2, 3, 5, 439, 599
List the prime factors of 186943924.
2, 191, 244691
What are the prime factors of 2767728134?
2, 1383864067
List the prime factors of 275439208.
2, 11, 3129991
What are the prime factors of 63992100?
2, 3, 5, 213307
What are the prime factors of 316932700?
2, 5, 7, 17, 26633
What are the prime factors of 9321620?
2, 5, 7, 11, 6053
List the prime factors of 379344601.
379344601
List the prime factors of 10875166.
2, 5437583
List the prime factors of 26941058.
2, 29, 47, 9883
What are the prime factors of 54969311?
157, 347, 1009
What are the prime factors of 2299036731?
3, 4519, 169583
What are the prime factors of 36645833?
7, 191, 27409
List the prime factors of 214931439.
3, 19, 103, 12203
List the prime factors of 368415801.
3, 13, 619, 5087
List the prime factors of 38762407.
38762407
What are the prime factors of 3738455987?
7, 37, 107, 277, 487
What are the prime factors of 853544824?
2, 11, 31, 10093
What are the prime factors of 662246928?
2, 3, 7, 8111
What are the prime factors of 12152781?
3, 450103
List the prime factors of 7521889956.
2, 3, 7, 53, 1689553
List the prime factors of 307749381.
3, 1471, 69737
What are the prime factors of 1036154591?
181, 5724611
List the prime factors of 19344804.
2, 3, 223, 7229
What are the prime factors of 49093347?
3, 16364449
What are the prime factors of 33774772?
2, 1213, 6961
What are the prime factors of 1159944913?
47, 79, 312401
List the prime factors of 193041197.
19, 29, 350347
What are the prime factors of 641339401?
641339401
List the prime factors of 885732930.
2, 3, 5, 31, 167, 1901
List the prime factors of 159999.
3, 7, 19, 401
What are the prime factors of 7795929?
3, 53, 49031
List the prime factors of 1680559748.
2, 7, 683, 87877
List the prime factors of 526912998.
2, 3, 61, 211, 6823
What are the prime factors of 145651062?
2, 3, 43, 181, 3119
List the prime factors of 5720911550.
2, 5, 114418231
What are the prime factors of 4623424657?
337, 13719361
What are the prime factors of 4701151348?
2, 41, 337, 85061
What are the prime factors of 322137140?
2, 5, 13, 1238989
List the prime factors of 43657313.
7, 47, 132697
What are the prime factors of 47123362?
2, 11, 13, 164767
List the prime factors of 387395363.
139, 2787017
List the prime factors of 2875883000.
2, 5, 43, 47, 1423
What are the prime factors of 103454463?
3, 7, 53, 92951
List the prime factors of 7872247792.
2, 3019, 162973
List the prime factors of 26039273.
13, 2003021
What are the prime factors of 7478548834?
2, 83, 45051499
What are the prime factors of 3030326203?
29, 463, 225689
List the prime factors of 2459792102.
2, 1229896051
What are the prime factors of 177155025?
3, 5, 2362067
List the prime factors of 975612.
2, 3, 11, 19, 389
What are the prime factors of 309742442?
2, 11483, 13487
List the prime factors of 173613826.
2, 17, 31, 127, 1297
List the prime factors of 57721262.
2, 181, 317, 503
List the prime factors of 99170531.
1627, 60953
What are the prime factors of 2696162406?
2, 3, 7, 5297, 12119
What are the prime factors of 183903641?
19, 977, 9907
List the prime factors of 29102071.
47, 503, 1231
List the prime factors of 3636525960.
2, 3, 5, 619, 16319
List the prime factors of 2771756517.
3, 17, 3196951
What are the prime factors of 4590829043?
24169, 189947
What are the prime factors of 5021683522?
2, 131, 349, 54919
List the prime factors of 570163014.
2, 3, 89, 151, 2357
What are the prime factors of 18070178?
2, 7, 19, 67933
What are the prime factors of 2554655?
5, 510931
List the prime factors of 433406761.
43, 137, 73571
List the prime factors of 399463134.
2, 3, 7, 9511027
What are the prime factors of 1818216753?
3, 149, 4067599
What are the prime factors of 180405645?
3, 5, 7, 587, 2927
What are the prime factors of 48144560?
2, 5, 601807
What are the prime factors of 1803071962?
2, 4519, 199499
List the prime factors of 159652543.
197, 810419
List the prime factors of 132655219.
132655219
What are the prime factors of 242954028?
2, 3, 41, 241, 683
List the prime factors of 123232228.
2, 7, 229, 19219
List the prime factors of 612615144.
2, 3, 173, 147547
What are the prime factors of 80230759?
7, 31, 331, 1117
What are the prime factors of 87146140?
2, 5, 4357307
What are the prime factors of 138632437?
233, 594989
What are the prime factors of 146615599?
13, 17, 83, 7993
What are the prime factors of 1757499793?
7, 673, 373063
List the prime factors of 6557085638.
2, 41, 79964459
List the prime factors of 95911890.
2, 3, 5, 3197063
What are the prime factors of 6117790807?
6117790807
What are the prime factors of 313715917?
43, 7295719
What are the prime factors of 162636413?
162636413
List the prime factors of 1579881.
3, 526627
List the prime factors of 48874693.
7, 31, 79, 2851
What are the prime factors of 706440617?
31, 22788407
What are the prime factors of 819389281?
819389281
List the prime factors of 92246741.
92246741
List the prime factors of 230143961.
73, 3152657
What are the prime factors of 694092685?
5, 11, 13, 829, 1171
List the prime factors of 60147396.
2, 3, 1670761
What are the prime factors of 669180642?
2, 3, 13, 47, 182537
What are the prime factors of 131568362?
2, 65784181
What are the prime factors of 207332144?
2, 2269, 5711
List the prime factors of 530703527.
227, 2337901
List the prime factors of 5003780491.
257, 19469963
List the prime factors of 212489714.
2, 73, 1455409
What are the prime factors of 19798094?
2, 373, 26539
List the prime factors of 2725795284.
2, 3, 43, 307, 17207
List the prime factors of 233885172.
2, 3, 19490431
What are the prime factors of 44410099?
43, 1032793
List the prime factors of 9589688.
2, 43, 61, 457
What are the prime factors of 105199613?
313, 336101
What are the prime factors of 283076503?
17, 71, 234529
List the prime factors of 486683523.
3, 54075947
What are the prime factors of 859029104?
2, 149, 193, 1867
List the prime factors of 619812948.
2, 3, 61, 846739
List the prime factors of 31144011.
3, 10381337
What are the prime factors of 315640779?
3, 61, 1724813
What are the prime factors of 62495488?
2, 11, 22193
List the prime factors of 4038206962.
2, 17, 118770793
What are the prime factors of 7492286037?
3, 4091, 610469
List the prime factors of 771715726.
2, 385857863
What are the prime factors of 24284227?
11, 181, 12197
List the prime factors of 1222758982.
2, 23, 619, 42943
List the prime factors of 1194235196.
2, 7, 11, 19, 29, 31, 227
List the prime factors of 241600662